) is divided by (3/(-2))/((-6)/36).
8
Let o(y) = y**2 + 2*y - 3. Let b = -6 + 3. Let j be o(b). Suppose j = 3*g - 202 + 52. Calculate the remainder when g is divided by 17.
16
Suppose -4*b + 0*b = -36. Calculate the remainder when 26 is divided by b.
8
Calculate the remainder when (2/5)/(6/30) is divided by (-1)/(6/4 + -2).
0
Let a = 74 + -59. Calculate the remainder when 42 is divided by a.
12
Suppose 5*t = -86 + 391. What is the remainder when t is divided by 16?
13
Let n(r) = -97*r**3 + r**2 + r + 1. Calculate the remainder when n(-1) is divided by 25.
23
Let j(b) be the second derivative of b**4/12 - b**3 + 9*b**2/2 - 3*b. What is the remainder when 16 is divided by j(6)?
7
Suppose -2*d + 79 = d - y, -3*d + 2*y + 80 = 0. Calculate the remainder when d is divided by ((-42)/(-15))/((-2)/(-10)).
12
Let q be (-68)/(-6) + 4/6. What is the remainder when (-2)/7 - 247/(-7) is divided by q - ((-4)/2 - -2)?
11
Suppose 0*q - r = -q + 12, -3*q - 5*r + 28 = 0. What is the remainder when 30 is divided by q?
8
Let m = -7 + -2. Let x be (-42)/(m/3) - 1. Let y = x + -1. Calculate the remainder when 33 is divided by y.
9
Suppose 5*v - v + 4*b - 48 = 0, v - b = 20. Suppose 2*i + 90 = 12*i. What is the remainder when v is divided by i?
7
Suppose 3*r - 15 = -4*v + 9, 3*r + 2*v - 18 = 0. Calculate the remainder when 10 is divided by r.
2
Suppose 5*b = 84 + 16. What is the remainder when b is divided by 1/(-2) - 45/(-6)?
6
Let u(b) = -5*b + 2. Let k(d) = 16*d - 1. Let j be k(-1). Let f = -10 - j. What is the remainder when u(-2) is divided by f?
5
Suppose 0 = 3*h - 13 - 8. Calculate the remainder when 20 is divided by h.
6
Suppose -2*p + 2*o - 21 = 3*p, 5*o - 9 = -2*p. Let t be p/(-2)*(-10)/15. What is the remainder when 13 is divided by 1 - t - (6 - 9)?
3
Suppose 0 = 3*r - 5*q - 233, 5*r - 435 = 4*q - 5*q. Calculate the remainder when r is divided by (14/3 - 5)/(2/(-132)).
20
Let m be (0/(-2) - 0)/1. Suppose -4*y + 0*y + 28 = m. What is the remainder when y is divided by 3?
1
Suppose 5*g - 370 = -5*h, 3*h = g - 0*h - 74. Calculate the remainder when g is divided by 25.
24
Let g(i) = -4*i**3 - 5*i**2 - 3*i - 4. What is the remainder when g(-3) is divided by 24?
20
Let x = -4 - -6. Let j(y) = -3*y - 3. Let c be j(-2). Suppose 2*d - c*i - 31 = 0, 0 = 4*i + 2 + x. Calculate the remainder when 26 is divided by d.
12
Let n(g) = 2*g**3 - g**2 - 3*g + 2. Let q be n(2). Let f = q - 3. Suppose 1 = x - f. Calculate the remainder when x is divided by 4.
2
Suppose -h = -5*f + 20, f = 3*f - 2*h - 16. Suppose 5 = -t - 3*i, -2*t = -i - 8 - f. Calculate the remainder when 13 is divided by 270/35 + t/14.
5
Let u(m) = -m + 13. Let t be u(10). Let q(i) = i**2 + 0*i**2 + 3*i**3 + 0*i**t + 4 - 3. What is the remainder when q(2) is divided by 16?
13
Suppose -6*t + 35 = -5*t. What is the remainder when t is divided by 9?
8
Let g(a) = a**2 - 1. Let h be g(2). Let b be 32/h + 9/27. Let n = b - -9. Calculate the remainder when 59 is divided by n.
19
Calculate the remainder when 43 is divided by -5*((-69)/15 - -2).
4
Let p = 5 - 1. Suppose -p*n + 27 = -41. What is the remainder when ((-1)/(-2))/((-2)/(-196)) is divided by n?
15
Let g = 18 - 9. Let d = 12 - g. Calculate the remainder when 9 is divided by d.
0
Suppose 40*q = 43*q - 81. Calculate the remainder when q is divided by 9.
0
Let l = -42 + 49. Suppose 0 = -3*u + 3*v + 57, -32 = -u - u - 4*v. What is the remainder when u is divided by l?
4
Let q(y) = 6*y**2 + 4*y + 2. Let r(o) = 3*o**2 + 3*o - o**2 + o**3 - 3*o**2 - 3 - 4*o. Let g be r(0). Calculate the remainder when q(g) is divided by 15.
14
Let u(j) = -3*j + 7. Calculate the remainder when (74/4)/((-1)/(-2)) is divided by u(-2).
11
Let u(l) = -5*l**3 + 3*l**2 + l - 5. Let b(k) = 11*k**3 - 7*k**2 - 2*k + 11. Let d(g) = -4*b(g) - 9*u(g). Calculate the remainder when 7 is divided by d(1).
1
Suppose 3 = 3*u + 3*k, 0 = 4*u - 2*k - 49 + 21. Calculate the remainder when 10 is divided by u.
0
Suppose -2*k + 2*d = -5*k + 58, 0 = 4*d + 16. What is the remainder when 41 is divided by k?
19
Let n(s) be the first derivative of -7*s**2/2 - 5*s + 4. Calculate the remainder when n(-4) is divided by 6.
5
Let m(g) = 2*g**2 - g + 2. Calculate the remainder when 22 is divided by m(2).
6
Let k(h) = -h**2 - 22*h - 50. What is the remainder when 3/(-1)*(-30)/9 is divided by k(-19)?
3
Let u = 14 + -2. Suppose i = 4*f - 3*f - 10, f + 4*i = -15. Calculate the remainder when u is divided by f.
2
Suppose 7*i - 104 = 3*i. Calculate the remainder when 103 is divided by i.
25
Let h(m) = m**2 + m + 10. What is the remainder when h(-4) is divided by 9?
4
Let r(i) = 6*i - 5. What is the remainder when 18 is divided by r(2)?
4
Suppose 7*f - 53 = 80. What is the remainder when 56 is divided by f?
18
Suppose 10*m - 875 = 3*m. Calculate the remainder when m is divided by 33.
26
Let k be (15/(-6))/(2/(-4)). Suppose -u + 54 = -4*n, -5*n + 2*n = k*u - 201. What is the remainder when u is divided by 22?
20
Let g = 39 - 0. Suppose -3*h + g = 4*u, 41 + 6 = 5*u + 2*h. Calculate the remainder when u is divided by 3.
0
Let f = 6 + -3. Let x = f - 7. Let w(q) = q**3 + 5*q**2 - q - 5. Calculate the remainder when 43 is divided by w(x).
13
Let s = -10 + 3. Let f(n) = -n**3 - 7*n**2 + 1. Calculate the remainder when 1 is divided by f(s).
0
Let v be 7 + (2 + -4 - -4). Suppose -5*q - 32 = -2*a, 0 = -3*a - 2*q + v + 20. Calculate the remainder when (-171)/(-4) - 1/(-4) is divided by a.
10
Suppose -4*t = -20, -q + t = 5*t - 27. Calculate the remainder when (-2 - -34)/2 + 3 is divided by q.
5
Suppose 3*p - 4*i - 29 = 0, 0*p = -3*p - 2*i + 35. Calculate the remainder when 32 is divided by p.
10
Let u(l) = -l**2 + 47. Let p be u(0). Let m = p - 21. What is the remainder when 101 is divided by m?
23
Calculate the remainder when 18 is divided by ((-44)/(-8))/((-2)/(-4)).
7
Suppose -3*z + 18 = -15. Calculate the remainder when z is divided by 6 + 1*(-3)/(-3).
4
Let a(g) = -g - 22 + 24*g**2 + 22 - 2*g**2. What is the remainder when a(1) is divided by 8?
5
Let g(d) = d**3 + 5*d**2 - 3*d - 5. Suppose -1 + 19 = 6*b. Calculate the remainder when g(-5) is divided by b.
1
Suppose m = 2*p + 7, 4*p = 3*m + 3*p - 26. What is the remainder when 14 is divided by m?
5
Suppose 23 = 5*p + 8. What is the remainder when p + -3 + 1 + 15 is divided by 9?
7
Suppose y + 5 = -4*y, -19 = -4*w + 3*y. Calculate the remainder when 6 is divided by w.
2
Let r = 7 - -27. Suppose 19 = 4*m + 3*p, 16 = 4*m - 0*m + 4*p. What is the remainder when r is divided by m?
6
Let j = 6 - -2. Suppose -2*b + 2*v + 2*v = -42, -4*b + 5*v + 87 = 0. Calculate the remainder when b is divided by j.
7
Let y(b) = -b**2 - 6*b - 2. Suppose -5*u = 4*c + 79, -3*c - c - 4*u = 80. Let d = -11 - c. What is the remainder when d is divided by y(-4)?
4
Suppose 0 = -2*f - 4*t - 2 - 0, -4*t = -2*f + 14. Suppose -5*m + f*m + 26 = 0. Suppose 0 = -0*j - j + m. Calculate the remainder when 38 is divided by j.
12
Let x(z) = -4*z + 3. Suppose -5*t = -t - 16. Calculate the remainder when x(-3) is divided by t.
3
Let a(n) = 5*n + 3. Let i = 38 + -21. Calculate the remainder when a(9) is divided by i.
14
Let q = 155 - 102. Calculate the remainder when q is divided by 4.
1
What is the remainder when (4 + 20/(-16))*4 + -1 is divided by 6?
4
Suppose -3*v + 29 = -u - 21, -v + 3*u = -22. What is the remainder when 3/((-3)/(-31)) - 1 is divided by v?
14
Suppose -2*g = -12 - 36. What is the remainder when g is divided by 7?
3
Calculate the remainder when 12/(-28) - 136/(-7) is divided by 63/6 + 1/(-2).
9
Let d(i) = -i + 28. Let o be d(0). Suppose 19 = 2*b + 3*p - 0, p = -5*b + o. Suppose y + y - 16 = 0. What is the remainder when y is divided by b?
3
Let b = 41 + -30. Calculate the remainder when 17 is divided by b.
6
Suppose -3*u + 0*u + 21 = 0. Let m be u + 1 + -4 - 2. Suppose m*f - 12 = 26. Calculate the remainder when f is divided by 10.
9
Let m(z) = -z**2 - z. Let t(o) = -4*o**2 - 8*o - 1. Let j(v) = -6*m(v) + t(v). Calculate the remainder when j(5) is divided by 14.
11
Suppose -d = -2*d + 2. Suppose d*i + 24 = 4*i. What is the remainder when i is divided by 5?
2
Suppose -o - 13 = -7. Let i(m) = -m**2 - 8*m. Calculate the remainder when i(o) is divided by 7.
5
Let j(r) = -10*r**2 - 1. Let d be j(-1). Let l(